-644)/(-20) is divided by l.
4
Let y = 30 - 9. Suppose 0*f + 5*f = -3*v + 500, -2*v - 2*f + 328 = 0. Suppose 11*w - 7*w - v = 0. What is the remainder when w is divided by y?
19
Suppose 0 = 9*m - 2*m - 294. Let i(a) = -2*a**2 + 34*a + 24. Let b be i(19). Let p = b + 84. What is the remainder when m is divided by p?
10
Let j(n) = -2*n**3 - 27*n**2 + 21*n - 158. Calculate the remainder when j(-17) is divided by 28.
24
Let n(s) = -16*s + 26*s**2 - 12 - 59*s**2 + 34*s**2. What is the remainder when 84 is divided by n(18)?
12
Suppose -7191 = 31*o - 46561. What is the remainder when o is divided by 16?
6
What is the remainder when 2146 - (12 - 0 - 23 - -5) is divided by 39?
7
Let i be 4*(-2 - 679/14). What is the remainder when (i/(-4))/(21/126) is divided by 38?
37
Let y = 32896 - 32820. What is the remainder when 2575 is divided by y?
67
Let t be (-2)/(-22)*-31 + 32/(-176). What is the remainder when 12 is divided by 12*5/(t + 13)?
0
What is the remainder when 609 is divided by (-1)/7 + (-10381)/(-637) - 46/299?
1
Suppose 3*d - 32 = -4*q, 0 = 3*d + d + 4*q - 44. Calculate the remainder when d is divided by ((-25)/30)/((-2)/12).
2
Let q be -14*(-6 + (-238)/(-4)). Let t = q + 771. Calculate the remainder when t is divided by 5.
2
Suppose -15*p + 890 = -5755. Let z = 492 - p. Calculate the remainder when 96 is divided by z.
47
Suppose 36*y - 1188 = 8*y - 5*y. What is the remainder when 148 is divided by y?
4
Let t = 309 - 312. Let q(u) = 37*u**2 + 3*u + 7. What is the remainder when q(t) is divided by 37?
35
Let l = 333 + -333. Suppose 28*w - 3578 - 650 = l. What is the remainder when w is divided by 14?
11
Let z(g) = -g**2 + 10*g. Calculate the remainder when ((-10)/(20/69))/(2/(-12)) is divided by z(7).
18
Let i = -56 - -29. Let k = i - -39. Let z(g) = 2*g**2 - 15*g + 14. What is the remainder when z(k) is divided by 41?
40
Suppose -5*n - 339 + 200 = -2*i, 0 = 5*i - 2*n - 379. What is the remainder when 1147 is divided by i?
69
Calculate the remainder when (-2 + 2 + -2)/((-3)/(-402)*-1) is divided by 69.
61
Let o(f) = f**3 + 6*f**2 + 10*f + 5. Let m be o(-4). Let l(p) = -p**3 - p**2 - p + 2. Calculate the remainder when 89 is divided by l(m).
20
Let x = 390 - 337. Suppose x*p - 42*p - 77 = 0. What is the remainder when 8 is divided by p?
1
Suppose 27 + 18 = 3*d. Suppose -4*b = -6*b + 4. Suppose -b*i + i = -8. What is the remainder when d is divided by i?
7
Suppose -10095 = t - 11892. What is the remainder when t is divided by 200?
197
Let l = 36 + 16. Let o = l - 29. Suppose -4*h = 3*a - 40, -2*a - h + 2*h + o = 0. Calculate the remainder when a is divided by 3.
0
Let z = -337 - -471. Suppose 0 = 4*j - 3*j. What is the remainder when z is divided by 17/(j + 3/3)?
15
Let c = -18156 + 18258. What is the remainder when 12236 is divided by c?
98
Suppose 9842 - 44128 = -48*j + 12706. Calculate the remainder when j is divided by 123.
118
Let a(u) = -4*u - 19. Let j be a(-7). Suppose -486 = -6*c + j*c. Let s = -116 - c. What is the remainder when 89 is divided by s?
43
Let t(p) = p**3 - 3*p**2 - 3*p + 6. Suppose 8*l = 11*l + 3. Let x be l/(3/(15/(-1))). Calculate the remainder when t(x) is divided by 22.
19
Suppose 4*h = -2*x - 4, 4*h + 1 - 9 = 4*x. Suppose h = s + 1, 3*s - 619 = -4*m - 2*s. Calculate the remainder when m is divided by 23.
18
Let i be (((-6)/4)/1)/((-69)/15364). Suppose -20*f = -666 - i. Calculate the remainder when 145 is divided by f.
45
Let l be (2 - 1)*4 + -3 - -11. Suppose g - 14 = -l. Suppose 0 = -g*f - 17 + 127. What is the remainder when f is divided by 14?
13
Suppose -12 = -n - 18. Suppose 3*m + 84 = -4*m. Calculate the remainder when (m/10)/(n/15) - 0 is divided by 2.
1
Suppose -26 = -4*p - 3*c, 0*p - 5*c = 4*p - 22. What is the remainder when (3/(-3)*3)/((-206)/1442) is divided by p?
5
Suppose -2*s + 22 = 2*s - 2*d, 0 = 3*d + 3. Suppose s*i - 541 = 89. What is the remainder when i is divided by ((-36)/15)/(6/(-80))?
30
Let w(o) = o**3 - 9*o**2 + 2*o - 16. Let i be w(10). Calculate the remainder when 34 is divided by (-286)/(-16) - ((-143)/i)/11.
16
Let i(j) = -5*j + 7*j - 11*j**2 + 13*j**2 + 13*j. Calculate the remainder when 144 is divided by i(-9).
9
Suppose -220 = -2*d - 15*d - 288. Let g = -20 - -42. Calculate the remainder when d/g + -488*3/(-66) is divided by 9.
4
Let y = 15100 + -15063. Suppose 3*v - 363 = 4*f, 3*v + 3*f = 101 + 241. Calculate the remainder when v is divided by y.
6
Let i be (48/(-9))/(3/(-18)). Suppose -6*g + 190 = -260. Let y = g - i. Calculate the remainder when y is divided by 22.
21
Suppose 4*k - 185 = -3*p, 151*k + 140 = 3*p + 146*k. Let w(y) = 3*y**2 - 2*y. What is the remainder when p is divided by w(3)?
13
Suppose 1462 = 3*s + 1069. What is the remainder when 371 is divided by s?
109
Let g(s) = 285*s**2 + 97*s + 98. What is the remainder when g(-1) is divided by 95?
1
Suppose -13*l + 30*l - 25245 = 0. Suppose 15*n + l = 30*n. Calculate the remainder when n is divided by 56.
43
Let y = -82 + 69. What is the remainder when (2/7)/(((-130)/1610)/y) is divided by 7?
4
Suppose 0 = 2*q - 5*q + 39. Calculate the remainder when q is divided by (-72)/(-63) - 240/(-84).
1
Let m = -2599 - -2732. Calculate the remainder when m is divided by 538/8 - 9/36.
66
Let o = -9012 - -9113. What is the remainder when o is divided by 91?
10
Let r(i) = i**3 + 6*i**2 - 55*i + 22. Suppose 0 = -3*n - n + 244. Calculate the remainder when n is divided by r(5).
17
Let h(g) be the first derivative of g**3/3 - 5*g**2/2 + 8*g + 13. Let k be h(4). What is the remainder when 39 is divided by -3 - -51*(k/12)/1?
11
Suppose q - 2*y = 249, -139*y + 137*y + 474 = 2*q. Calculate the remainder when q is divided by 193.
48
Suppose 2*v = 4*v - 48. Calculate the remainder when (117/(-18))/(((-24)/84)/((-36)/(-21))) is divided by v.
15
What is the remainder when 156165/203 + 18/(-14) + 1 is divided by 29?
15
Suppose 90*d = 95*d. Suppose 32*w - 117 - 619 = d. What is the remainder when 51 is divided by w?
5
Suppose -174*b - 169*b = -349*b + 150. What is the remainder when 124 is divided by b?
24
Let x(t) = 39 + 21*t - 17 - 9 + 20 + 43. Suppose -5*o + 62 = 2*h, h + 2*o = o + 37. Calculate the remainder when x(2) is divided by h.
36
Let q(o) = 40*o**2 + 26 + o + o**3 + 28*o**2 - 82*o**2. What is the remainder when q(14) is divided by 15?
10
Suppose 20*v - 51 = -2*m + 21*v, 27 = m + v. What is the remainder when 333 is divided by m?
21
Suppose 2*y - 3*y - 3 = 0. Let v be 3/((y/(-48))/((-3)/(-6))). Let i = v + -14. Calculate the remainder when 46 is divided by i.
6
Let c be (-1)/4 + 66/8. Let a = 19 - c. Let r = -30928 - -30932. Calculate the remainder when a is divided by r.
3
What is the remainder when 2*(-6 - 1 - (-5460)/104) is divided by 14?
7
Let y be (-36)/21*(-4 + 2022/12). Let l = y - -412. Calculate the remainder when l is divided by 11.
9
Suppose i + 0*i = -86. Let h = i + 72. Let w(l) = -l**3 - 15*l**2 - 17*l - 12. What is the remainder when 87 is divided by w(h)?
27
Suppose -4*c = -8, 2*z = -2*c - 3*c + 140. Suppose -3*j = 5*k - 255, -3*k - z + 218 = 5*j. What is the remainder when 202 is divided by k?
49
Let o = 347 - 542. Let j = -99 - o. Calculate the remainder when j is divided by 48.
0
Let x(k) = -60*k + 136. Suppose 50*s = 46*s. What is the remainder when x(s) is divided by 38?
22
Suppose 11*y - 15*y + 396 = 0. Let o = y + -107. What is the remainder when 3 is divided by 6 - (6 + o + 5)?
0
Let m(n) = -n**2 - 5*n + 5. Let k be (1 - 2 - -1) + -5 + 8. Suppose -5*u + 3*b = -55, 41 = 3*u - k*b + 14. Calculate the remainder when u is divided by m(-4).
5
Let r(d) = -d**2 + 24*d - 117. Let f be r(20). What is the remainder when 216 is divided by -19 + 14 - (3 + -2 + f)?
30
Calculate the remainder when 3599 - (11/77 + ((-30)/35)/6) is divided by 100.
99
Suppose -59*v - 551*v + 23510 + 13700 = 0. What is the remainder when 117 is divided by v?
56
Let z be -25 + -2 - (-2 - 0). Suppose -2*t + 3*p = -0*p - 92, -92 = -2*t - 5*p. What is the remainder when t is divided by (6/(-9) + (-1)/3)*z?
21
What is the remainder when 23296/128 + 1 + 10 is divided by 20?
13
Let s(h) = 143*h + 33. Let i be s(-6). Let q be (1/(-3))/(5/i). Suppose -2*x = -2*l - 10 - 12, -5*x + 2*l = -q. What is the remainder when 41 is divided by x?
8
Calculate the rema